 - 5260 = 0. Is r a composite number?
True
Let m = 387 + -367. Suppose -5*j - 15 = 5. Is (586/(-5))/(j/m) a prime number?
False
Is (-10 - 18/(-6)) + (5 - -170244) prime?
False
Is 12/222 - (-5349861)/111 a prime number?
True
Suppose 4*h - 22 = -10. Let w(l) = -h + 5*l + 21 - 17*l - 1. Is w(-3) a composite number?
False
Let r be 12146/(-4) - (-18)/36. Let u = r - -267. Is (24/42)/((-4)/(-14)) - u a composite number?
True
Let l(g) = -7*g**3 + 31*g + 199. Is l(-5) composite?
False
Let h(u) = 13*u**2 - u**3 + 5*u**3 + 13*u + 10 - 5*u**3 - 16*u**2. Suppose -3*o = -3*s - 27, -3*s - 43 + 16 = -5*o. Is h(s) a prime number?
True
Let a = -270 + 270. Suppose 0 = g + 5*s - 2189, a = -5*g - s - 3*s + 10903. Is g a prime number?
True
Suppose -b + 11862 = -0*b. Let d(f) = 267*f**2 + 9*f - 150. Let w be d(9). Suppose -12*n + b = -w. Is n prime?
False
Let o(i) = -506*i**3 - 11*i**2 - 14*i + 5. Is o(-2) a composite number?
True
Let x = 10094 - -4257. Is x a prime number?
False
Let p = -64905 + 122776. Is p a composite number?
True
Let z(p) = 4*p**2 - 18*p - 53. Let d be z(14). Let j = d - 352. Is j prime?
True
Let v(d) = -40*d**3 - 7*d**2 + 5*d - 4. Let h(m) = 80*m**3 + 13*m**2 - 9*m + 8. Let o(k) = -6*h(k) - 11*v(k). Is o(-2) prime?
False
Is -13 + ((-252)/(-6))/7 + -16 + 673270 composite?
False
Let z = 219828 + -375081. Is ((z/7)/(-3))/1 prime?
True
Is (-1123445 + 0)*90/(-450) a composite number?
True
Let w be (-2 - 0)*(13 + -86). Suppose 139*o + 71407 = w*o. Is o composite?
True
Let g = -24918 - -11444. Let h = g - -24657. Is h composite?
True
Let n be 42/((-21)/3)*4/6. Let k(o) = -323*o - 155. Is k(n) prime?
False
Suppose -48*n = -57*n + 71919. Let t = n + -4842. Is t prime?
False
Is -26294*(12/(-3))/8 prime?
True
Suppose g - 18362 = p, p + 2055 + 89755 = 5*g. Is g prime?
False
Let y be (-9)/2*22/33. Let v(a) = -4*a - 7. Let s be v(y). Suppose 6 = -2*o, -15644 = -s*x + 3*o - 3970. Is x a prime number?
True
Suppose -3*f = -4*p - 1570157, 5*f + 92*p = 90*p + 2616963. Is f prime?
False
Suppose -365086 + 14898668 = 58*g. Is g a composite number?
True
Let g = -12505 + 33086. Suppose -g - 33554 = -27*j. Is j prime?
False
Let f(p) = -p**3 - 9*p**2 - 22*p + 11. Let a(r) = -r**3 - 25*r**2 - 66*r - 10. Let c be a(-22). Is f(c) prime?
True
Suppose -18*p + 6*p = 24. Is (9094/p)/(48/(-48)) a prime number?
True
Suppose -8*u = -2*q - 7*u + 1238, 4*q - 2448 = -5*u. Suppose 5*d = 6348 + q. Is d composite?
True
Suppose -33 = 5*h + 302. Let t = -236 + h. Let s = t + 562. Is s prime?
False
Let c be (-76182)/(-10) - (-1)/(-5). Suppose -c = -4*a - 2934. Is a a prime number?
True
Suppose 4*b + b + i - 11 = 0, 5*i = 5*b - 5. Suppose 8 = 5*r - 3*w - 1, -b*w + 10 = 2*r. Suppose -2*v - 4*n = -1826, -v - 2*n + 922 = r*n. Is v a prime number?
True
Suppose 2647*u - 125265 = 2626*u. Is u a prime number?
False
Let t(i) = -11306 - 35*i**3 + 2*i**2 + 5653 + 5651 - 6*i. Let y(l) = l**3 - 4*l**2 + 2*l. Let x be y(3). Is t(x) composite?
True
Let k = 2132 - 7341. Let i = -264 - k. Suppose -h + i = 1168. Is h a composite number?
True
Suppose 7128 = 7*d - 167109. Let q = -14302 + d. Is q prime?
True
Suppose 89 - 265 = 8*z. Let y = -20 - z. Suppose 5*q - 77 = -4*o + 36, -4*o = y*q - 38. Is q a prime number?
False
Let j be (-15)/(-27)*30 - (-2)/6. Let q(h) = h**2 + 10*h - 37. Let a be q(j). Is a/(-2*(9/(-6) - -1)) a composite number?
True
Let f = -332 - -2196. Let y = f + -963. Is y a prime number?
False
Is (-30)/20*717686/(-3) composite?
True
Suppose -1558*y + 1545*y = -5005897. Is y prime?
True
Let m be (36/3 - -1) + -3. Let i(z) be the third derivative of 25*z**4/12 - 5*z**3/2 + 27*z**2. Is i(m) prime?
False
Let y = 178216 - 94787. Is y prime?
False
Suppose -85*b = -79*b - 12. Suppose -3*h - 4*g = -29863, 19932 = -2*h + 4*h - b*g. Is h prime?
False
Let b(w) = -w**2 + 6*w + 8. Let i be b(6). Suppose -28458 - 14654 = -i*d. Is d a prime number?
False
Let b = 362 - 358. Suppose 0 = -2*j - 4*n + 8144 - 890, 4*j = b*n + 14568. Is j composite?
False
Suppose 61*x - 5943357 = 912860. Is x a prime number?
True
Suppose j + 14 = 4*h + 3*j, -h = 5*j - 17. Let w(b) be the third derivative of 568*b**5/15 + b**4/24 + b**3/6 - 2*b**2 - 4*b. Is w(h) prime?
True
Let b be ((-156)/4)/((42/16)/(-7)). Suppose b*n - 91747 = 81*n. Is n prime?
True
Let d be ((-6)/15*-597)/((-4)/40). Let p = 4289 + d. Suppose -59*j + p = -58*j. Is j composite?
False
Let a = -38 + 42. Suppose a*r - 3960 = -4*s, -3*s + 0 = 3. Let w = 1514 - r. Is w composite?
False
Let d(q) = q**3 - 27*q**2 + 5*q - 32. Let x be d(27). Let y = 3 - 3. Suppose y = 101*p - x*p + 1918. Is p composite?
True
Let n(b) = 49*b**2 - 7*b + 25. Let w = 159 - 155. Is n(w) a composite number?
True
Let k = 16870 - 10073. Suppose 16*v - 17*v = -k. Is v composite?
True
Suppose -3*s + 5 - 146 = 0. Let g = 46 + s. Is (-2 + -2 + g)*-137 a prime number?
False
Let r(b) = -26*b**3 + 3*b**2 - b + 3. Let l be r(-3). Suppose 22*m = 16*m + 8448. Let y = m - l. Is y prime?
True
Suppose -w = -12 + 15. Let u be ((-1531)/w - 3)*3. Let p = -891 + u. Is p a prime number?
True
Let i = 121183 - 31014. Is i a composite number?
True
Let d(t) = -t**2 + 5*t + 16. Let h be d(7). Let s be (-664)/(-16) + h/(-4). Let m = s + 962. Is m a composite number?
True
Let c = -17264 + 26766. Is c prime?
False
Suppose 446*j - 443*j = 177867. Is j a composite number?
True
Is (-7)/105*-5 - 16890238/(-87) a composite number?
False
Let y be 5 - (-5)/5*26/2. Suppose 0 = y*u + 42933 - 242715. Is u a composite number?
True
Suppose 4947 = -3*c + 3*d - 2982, 5*c - d = -13235. Let b = 11739 + c. Is b composite?
False
Let w(i) = 346*i + 10. Let m be w(13). Let r = m + -2535. Is r composite?
False
Let r = 98 - 96. Let v be (-3)/1 - r*-2. Is v*3 + -4 + 2903 - 1 a composite number?
True
Suppose 2*j + 20 = 6*j. Suppose -2*w - 5 = -3*l, l - w + j = 3*w. Suppose 5*z - l*r - 5492 = -4*r, -z + 1084 = 5*r. Is z prime?
False
Suppose -4*q = 5*f - 6*f - 15629, 7819 = 2*q - 5*f. Is q a composite number?
False
Let l(h) = -338*h + 5. Let k be l(-6). Suppose 5*g + k = d - 3726, 0 = d - 4*g - 5762. Let t = d + -4123. Is t a composite number?
True
Suppose -598066 = -16*d + 1777118. Suppose -14*l + 30541 + d = 0. Is l composite?
True
Let d(o) = 5170*o**3 - 6*o**2 + 2*o - 7. Is d(2) prime?
True
Let u = 1 - -3. Let p = 17 - 18. Is (p + -1)*(3 + (-1094)/u) prime?
True
Let z(j) = j**3. Let p(k) = 2*k**3 - 3*k**2 - 3*k - 5. Let s(d) = p(d) + 4*z(d). Is s(4) a prime number?
False
Suppose 8404179 = -2104*f + 2125*f. Is f prime?
True
Let m(y) = -9262*y + 819. Is m(-4) prime?
False
Let s = 41388 - 17. Is s composite?
True
Suppose -8*y = -12 + 44. Is 0*y/(-16) - (-820 - 1) composite?
False
Let v(b) = 3457*b**2 - 32*b + 254. Is v(11) prime?
True
Let h be (-60)/(-18)*46908/12. Suppose -h = -b + 8*r - 7*r, -3*r + 9 = 0. Is b a prime number?
True
Suppose -v + 11031 - 3295 = 0. Suppose -4*r - 3*j = -7739, 2*j + 2*j - v = -4*r. Is r prime?
False
Let t(o) = o**2 - 15*o + 31. Let s be t(13). Suppose 0 = s*a - 3*k - 19480, -4*a + 10*k = 5*k - 15571. Is a a composite number?
True
Let m(b) = 47*b**2 - 9*b - 21. Let t(i) = -2*i**3 + 12*i**2 - 6*i - 15. Let v be t(5). Is m(v) a prime number?
True
Suppose -11*u - 735714 = -32*u + 1070769. Is u a prime number?
False
Let y(h) = -7*h**2 - 2 + h**2 - 12*h + 1 + 22 - h**3. Is y(-10) composite?
False
Let s be 1/3 + 73/(-3) + -3. Let x be s/6 + 4 - (-46)/(-4). Is ((-4)/(-6))/(x/(-2988)) composite?
True
Let n = 228 - 389. Let z be (-6)/9*(1 - n/(-2)). Let f = z - -626. Is f a composite number?
True
Let r(m) = 540*m**2 - m - 6. Let k be r(-2). Suppose 9*o = -5*o + k. Suppose 0 = -o*a + 150*a + 1364. Is a prime?
False
Suppose 4873*u - 59666 = 4871*u. Is u composite?
False
Let i(n) = -3 - 2 + 0 + 2261*n - 2471*n. Is i(-1) prime?
False
Let l be 7 + -1 + 0/5. Let q(p) = -21*p + 14. Let o be q(l). Is (898/6)/(o/(-21) - 5) a composite number?
False
Let s(k) = -k**3 + 59*k**2 - 77*k + 7. Suppose -4*a - 2717 = -2813. Is s(a) a composite number?
True
Let q(l) = 3*l + 8. Let b be q(-4). Let f be (10156 + b)/4 + 2. Suppose 0 = -5*n + 3*s + f, 5*n + s = -502 + 3062. Is n composite?
True
Let t(l) be the third derivative of -l**6/120 + l**5/60 + 11*l**4/24 + 3065*l**3/6 - 117*l**2. Is t(0) a composite number?
True
Let i = -15 + 35. 